719
What are the prime factors of 32500?
2, 5, 13
List the prime factors of 1074.
2, 3, 179
What are the prime factors of 4231?
4231
List the prime factors of 2081.
2081
What are the prime factors of 24046?
2, 11, 1093
What are the prime factors of 1706?
2, 853
List the prime factors of 6973.
19, 367
What are the prime factors of 23402?
2, 11701
List the prime factors of 836.
2, 11, 19
List the prime factors of 48249.
3, 1787
What are the prime factors of 5803?
7, 829
List the prime factors of 242.
2, 11
List the prime factors of 3011.
3011
What are the prime factors of 6447?
3, 7, 307
What are the prime factors of 20780?
2, 5, 1039
List the prime factors of 3514.
2, 7, 251
List the prime factors of 940.
2, 5, 47
What are the prime factors of 1695?
3, 5, 113
List the prime factors of 69459.
3, 13, 137
What are the prime factors of 40574?
2, 20287
List the prime factors of 22452.
2, 3, 1871
What are the prime factors of 10617?
3, 3539
List the prime factors of 53727.
3, 17909
List the prime factors of 9064.
2, 11, 103
What are the prime factors of 120041?
120041
List the prime factors of 6135.
3, 5, 409
List the prime factors of 432.
2, 3
List the prime factors of 16236.
2, 3, 11, 41
What are the prime factors of 22723?
31, 733
List the prime factors of 2020.
2, 5, 101
List the prime factors of 16446.
2, 3, 2741
List the prime factors of 1289.
1289
List the prime factors of 2506.
2, 7, 179
List the prime factors of 842.
2, 421
List the prime factors of 2417.
2417
List the prime factors of 499.
499
List the prime factors of 31658.
2, 11, 1439
What are the prime factors of 647?
647
List the prime factors of 47594.
2, 53, 449
List the prime factors of 824.
2, 103
What are the prime factors of 50671?
50671
List the prime factors of 28805.
5, 7, 823
What are the prime factors of 1867?
1867
What are the prime factors of 421?
421
What are the prime factors of 53912?
2, 23, 293
List the prime factors of 1190.
2, 5, 7, 17
What are the prime factors of 7682?
2, 23, 167
What are the prime factors of 2008?
2, 251
What are the prime factors of 52581?
3, 17, 1031
List the prime factors of 400.
2, 5
What are the prime factors of 6418?
2, 3209
What are the prime factors of 238?
2, 7, 17
List the prime factors of 2558.
2, 1279
List the prime factors of 1221.
3, 11, 37
What are the prime factors of 10968?
2, 3, 457
List the prime factors of 116352.
2, 3, 101
List the prime factors of 588.
2, 3, 7
List the prime factors of 6240.
2, 3, 5, 13
What are the prime factors of 2679?
3, 19, 47
What are the prime factors of 142678?
2, 71339
List the prime factors of 10045.
5, 7, 41
What are the prime factors of 4033?
37, 109
What are the prime factors of 49484?
2, 89, 139
What are the prime factors of 77480?
2, 5, 13, 149
What are the prime factors of 428?
2, 107
List the prime factors of 3431.
47, 73
List the prime factors of 520.
2, 5, 13
List the prime factors of 23466.
2, 3, 3911
List the prime factors of 11797.
47, 251
What are the prime factors of 416?
2, 13
List the prime factors of 9942.
2, 3, 1657
List the prime factors of 62797.
7, 8971
List the prime factors of 4571.
7, 653
What are the prime factors of 11900?
2, 5, 7, 17
What are the prime factors of 26115?
3, 5, 1741
List the prime factors of 6883.
6883
What are the prime factors of 5497?
23, 239
What are the prime factors of 25870?
2, 5, 13, 199
List the prime factors of 25208.
2, 23, 137
List the prime factors of 4145.
5, 829
What are the prime factors of 137?
137
What are the prime factors of 5824?
2, 7, 13
List the prime factors of 1194.
2, 3, 199
List the prime factors of 5412.
2, 3, 11, 41
What are the prime factors of 1419?
3, 11, 43
List the prime factors of 1380.
2, 3, 5, 23
What are the prime factors of 869?
11, 79
List the prime factors of 4149.
3, 461
What are the prime factors of 11788?
2, 7, 421
List the prime factors of 3644.
2, 911
What are the prime factors of 44016?
2, 3, 7, 131
List the prime factors of 9895.
5, 1979
List the prime factors of 36253.
7, 5179
What are the prime factors of 103871?
241, 431
List the prime factors of 18185.
5, 3637
What are the prime factors of 2001?
3, 23, 29
List the prime factors of 2498.
2, 1249
What are the prime factors of 104884?
2, 13, 2017
What are the prime factors of 577?
577
What are the prime factors of 5259?
3, 1753
What are the prime factors of 229?
229
What are the prime factors of 163322?
2, 127, 643
List the prime factors of 4755.
3, 5, 317
List the prime factors of 977.
977
List the prime factors of 12840.
2, 3, 5, 107
What are the prime factors of 9314?
2, 4657
List the prime factors of 4954.
2, 2477
What are the prime factors of 939?
3, 313
What are the prime factors of 4523?
4523
What are the prime factors of 5636?
2, 1409
What are the prime factors of 409?
409
What are the prime factors of 64799?
7, 9257
What are the prime factors of 58943?
58943
What are the prime factors of 5742?
2, 3, 11, 29
What are the prime factors of 4861?
4861
What are the prime factors of 96220?
2, 5, 17, 283
What are the prime factors of 67756?
2, 13, 1303
List the prime factors of 241.
241
What are the prime factors of 1785?
3, 5, 7, 17
List the prime factors of 11749.
31, 379
List the prime factors of 7052.
2, 41, 43
List the prime factors of 52948.
2, 7, 31, 61
List the prime factors of 1286.
2, 643
List the prime factors of 100.
2, 5
List the prime factors of 40719.
3, 7, 277
What are the prime factors of 550?
2, 5, 11
What are the prime factors of 255?
3, 5, 17
What are the prime factors of 31425?
3, 5, 419
List the prime factors of 60.
2, 3, 5
What are the prime factors of 27475?
5, 7, 157
List the prime factors of 2184.
2, 3, 7, 13
What are the prime factors of 27725?
5, 1109
List the prime factors of 28846.
2, 14423
List the prime factors of 371.
7, 53
List the prime factors of 822.
2, 3, 137
What are the prime factors of 2273?
2273
List the prime factors of 6561.
3
List the prime factors of 6054.
2, 3, 1009
What are the prime factors of 14709?
3, 4903
List the prime factors of 1303.
1303
What are the prime factors of 54798?
2, 3, 9133
What are the prime factors of 32091?
3, 19, 563
What are the prime factors of 168?
2, 3, 7
What are the prime factors of 655?
5, 131
List the prime factors of 4920.
2, 3, 5, 41
What are the prime factors of 353?
353
List the prime factors of 1841.
7, 263
List the prime factors of 1136.
2, 71
What are the prime factors of 1602?
2, 3, 89
What are the prime factors of 44?
2, 11
List the prime factors of 2485.
5, 7, 71
List the prime factors of 1440.
2, 3, 5
List the prime factors of 7527.
3, 13, 193
List the prime factors of 49.
7
What are the prime factors of 2337?
3, 19, 41
List the prime factors of 6667.
59, 113
What are the prime factors of 418?
2, 11, 19
List the prime factors of 51168.
2, 3, 13, 41
What are the prime factors of 790?
2, 5, 79
List the prime factors of 138.
2, 3, 23
List the prime factors of 2444.
2, 13, 47
List the prime factors of 296.
2, 37
What are the prime factors of 51308?
2, 101, 127
What are the prime factors of 53406?
2, 3, 23, 43
List the prime factors of 27520.
2, 5, 43
What are the prime factors of 3282?
2, 3, 547
List the prime factors of 1528.
2, 191
What are the prime factors of 10063?
29, 347
What are the prime factors of 20564?
2, 53, 97
List the prime factors of 2106.
2, 3, 13
List the prime factors of 2120.
2, 5, 53
What are the prime factors of 151555?
5, 17, 1783
List the prime factors of 125268.
2, 3, 11, 13, 73
What are the prime factors of 55791?
3, 6199
List the prime factors of 5163.
3, 1721
What are the prime factors of 10630?
2, 5, 1063
What are the prime factors of 34732?
2, 19, 457
What are the prime factors of 12660?
2, 3, 5, 211
List the prime factors of 46388.
2, 11597
What are the prime factors of 1589?
7, 227
What are the prime factors of 87136?
2, 7, 389
What are the prime factors of 1797?
3, 599
List the prime factors of 8881.
83, 107
List the prime factors of 63409.
63409
List the prime factors of 553.
7, 79
What are the prime factors of 1328?
2, 83
What are the prime factors of 54158?
2, 13, 2083
List the prime factors of 827.
827
List the prime factors of 229.
229
List the prime factors of 3806.
2, 11, 173
What are the prime factors of 17382?
2, 3, 2897
List th